
List the prime factors of 10654739.
107, 99577
What are the prime factors of 68947?
68947
List the prime factors of 1212925.
5, 7, 29, 239
List the prime factors of 2423967.
3, 7, 13, 683
List the prime factors of 1049752.
2, 11, 79, 151
What are the prime factors of 150118?
2, 47, 1597
List the prime factors of 5884077.
3, 43, 45613
What are the prime factors of 155942?
2, 103, 757
List the prime factors of 429630.
2, 3, 5, 14321
What are the prime factors of 3463663?
7, 70687
List the prime factors of 1530211.
131, 11681
List the prime factors of 302553.
3, 33617
List the prime factors of 3927369.
3, 1309123
List the prime factors of 382568.
2, 17, 29, 97
List the prime factors of 204007.
204007
List the prime factors of 10367241.
3, 73, 47339
What are the prime factors of 232969?
11, 21179
List the prime factors of 8793533.
7, 149, 8431
What are the prime factors of 101602?
2, 37, 1373
List the prime factors of 691588.
2, 41, 4217
What are the prime factors of 2378647?
199, 11953
List the prime factors of 7555263.
3, 2518421
List the prime factors of 1836739.
233, 7883
What are the prime factors of 330276?
2, 3, 17, 1619
List the prime factors of 245757.
3, 81919
List the prime factors of 288594.
2, 3, 16033
What are the prime factors of 8722637?
7, 11, 16183
What are the prime factors of 8115064?
2, 967, 1049
List the prime factors of 42747.
3, 14249
What are the prime factors of 1056652?
2, 17, 41, 379
What are the prime factors of 4917267?
3, 17, 3571
List the prime factors of 240469.
191, 1259
List the prime factors of 6933520.
2, 5, 11, 7879
List the prime factors of 228387.
3, 76129
List the prime factors of 12865790.
2, 5, 7, 183797
What are the prime factors of 20834?
2, 11, 947
What are the prime factors of 953264?
2, 13, 4583
What are the prime factors of 1573174?
2, 786587
List the prime factors of 329449.
73, 4513
List the prime factors of 80771.
37, 59
What are the prime factors of 199463?
11, 18133
What are the prime factors of 50189?
31, 1619
What are the prime factors of 295265?
5, 59053
List the prime factors of 241713.
3, 107, 251
What are the prime factors of 5277170?
2, 5, 73, 7229
List the prime factors of 2631316.
2, 397, 1657
What are the prime factors of 6481783?
7, 11, 84179
What are the prime factors of 1072019?
13, 82463
What are the prime factors of 84211?
84211
List the prime factors of 3143924.
2, 7, 47, 2389
List the prime factors of 1276288.
2, 13, 59
What are the prime factors of 15448637?
15448637
List the prime factors of 2827427.
2827427
List the prime factors of 5246292.
2, 3, 437191
What are the prime factors of 6790070?
2, 5, 7, 97001
List the prime factors of 1973130.
2, 3, 5, 89, 739
List the prime factors of 89989.
89989
List the prime factors of 570397.
109, 5233
List the prime factors of 1295608.
2, 71, 2281
List the prime factors of 924742.
2, 7, 13, 5081
What are the prime factors of 898928?
2, 19, 2957
List the prime factors of 26571921.
3, 53, 167119
List the prime factors of 814050.
2, 3, 5, 67
What are the prime factors of 168422?
2, 84211
List the prime factors of 13610862.
2, 3, 269, 937
List the prime factors of 3428361.
3, 380929
What are the prime factors of 3204788?
2, 801197
List the prime factors of 6879751.
2549, 2699
What are the prime factors of 390481?
7, 13, 613
List the prime factors of 182023.
191, 953
What are the prime factors of 2205589?
2205589
List the prime factors of 8978865.
3, 5, 7, 85513
List the prime factors of 3811954.
2, 1091, 1747
List the prime factors of 29245.
5, 5849
What are the prime factors of 9569?
7, 1367
What are the prime factors of 24593187?
3, 23, 61, 5843
What are the prime factors of 1025944?
2, 257, 499
What are the prime factors of 192899?
7, 17, 1621
List the prime factors of 253957.
11, 23087
What are the prime factors of 486088?
2, 60761
What are the prime factors of 517414?
2, 258707
List the prime factors of 396692.
2, 99173
What are the prime factors of 13583412?
2, 3, 127, 2971
What are the prime factors of 4022595?
3, 5, 83, 359
List the prime factors of 97371.
3, 31, 349
List the prime factors of 619039.
19, 31, 1051
List the prime factors of 876516.
2, 3, 73043
List the prime factors of 372160.
2, 5, 1163
List the prime factors of 1310538.
2, 3, 218423
List the prime factors of 30353134.
2, 7, 2168081
List the prime factors of 4881001.
4881001
What are the prime factors of 38373?
3, 12791
What are the prime factors of 28652094?
2, 3, 1591783
List the prime factors of 226484.
2, 41, 1381
What are the prime factors of 292744?
2, 23, 37, 43
What are the prime factors of 2660712?
2, 3, 110863
List the prime factors of 401525.
5, 16061
What are the prime factors of 3175713?
3, 117619
List the prime factors of 84504.
2, 3, 7, 503
What are the prime factors of 6883679?
11, 625789
What are the prime factors of 835?
5, 167
What are the prime factors of 31777?
43, 739
List the prime factors of 1595424.
2, 3, 16619
What are the prime factors of 32161?
29, 1109
List the prime factors of 1027964.
2, 7, 36713
What are the prime factors of 9732381?
3, 17, 23, 8297
What are the prime factors of 658610?
2, 5, 67, 983
What are the prime factors of 2272200?
2, 3, 5, 7, 541
What are the prime factors of 189949?
189949
List the prime factors of 4072540.
2, 5, 203627
What are the prime factors of 3903024?
2, 3, 31, 43, 61
List the prime factors of 2097511.
13, 17, 9491
What are the prime factors of 2383490?
2, 5, 23, 43, 241
What are the prime factors of 508329?
3, 67, 281
List the prime factors of 430799.
430799
List the prime factors of 3791119.
17, 223007
What are the prime factors of 4478331?
3, 11, 13, 73
What are the prime factors of 33552135?
3, 5, 17, 61, 719
What are the prime factors of 262417?
397, 661
What are the prime factors of 786266?
2, 13, 30241
What are the prime factors of 4568157?
3, 11, 1709
List the prime factors of 5903523.
3, 72883
List the prime factors of 590290.
2, 5, 59029
What are the prime factors of 4572556?
2, 193, 5923
List the prime factors of 731882.
2, 365941
What are the prime factors of 580566?
2, 3, 7, 23, 601
What are the prime factors of 1126985?
5, 19, 11863
What are the prime factors of 17113100?
2, 5, 171131
List the prime factors of 878567.
878567
What are the prime factors of 1915334?
2, 29, 33023
What are the prime factors of 864880?
2, 5, 19, 569
What are the prime factors of 1380116?
2, 97, 3557
List the prime factors of 20591999.
4111, 5009
List the prime factors of 6503390.
2, 5, 47, 101, 137
List the prime factors of 933423.
3, 29, 10729
What are the prime factors of 3069483?
3, 37, 27653
What are the prime factors of 2498375?
5, 11, 23, 79
What are the prime factors of 11266337?
83, 149, 911
What are the prime factors of 17616550?
2, 5, 7, 50333
What are the prime factors of 191136?
2, 3, 11, 181
What are the prime factors of 1695463?
7, 11, 97, 227
What are the prime factors of 7520380?
2, 5, 7, 53717
List the prime factors of 2724104.
2, 167, 2039
List the prime factors of 8724392.
2, 31, 127, 277
List the prime factors of 20958.
2, 3, 7, 499
List the prime factors of 119484.
2, 3, 3319
What are the prime factors of 290622?
2, 3, 48437
What are the prime factors of 636001?
647, 983
What are the prime factors of 55673?
55673
What are the prime factors of 9883916?
2, 7, 31, 59, 193
List the prime factors of 1448496.
2, 3, 7, 479
What are the prime factors of 603427?
11, 4987
List the prime factors of 2933399.
7, 419057
List the prime factors of 372167.
372167
List the prime factors of 897767.
13, 53, 1303
What are the prime factors of 446884?
2, 111721
What are the prime factors of 661?
661
What are the prime factors of 4037023?
4037023
What are the prime factors of 102976?
2, 1609
List the prime factors of 720626.
2, 31, 59, 197
What are the prime factors of 20931808?
2, 163, 4013
What are the prime factors of 971563?
971563
What are the prime factors of 545424?
2, 3, 11, 1033
List the prime factors of 8735297.
17, 513841
List the prime factors of 342548.
2, 29, 2953
What are the prime factors of 2930711?
7, 29, 14437
What are the prime factors of 140732?
2, 151, 233
What are the prime factors of 9565546?
2, 31, 41, 53, 71
What are the prime factors of 1025794?
2, 7, 11, 6661
List the prime factor